{"id":4705,"date":"2015-11-30T12:32:33","date_gmt":"2015-11-30T15:32:33","guid":{"rendered":"http:\/\/www.editora.ufpr.br\/portal\/?page_id=4705"},"modified":"2023-11-20T10:35:06","modified_gmt":"2023-11-20T13:35:06","slug":"contato-2","status":"publish","type":"page","link":"https:\/\/www.editora.ufpr.br\/portal\/contato-2\/","title":{"rendered":"Contato"},"content":{"rendered":"<p style=\"text-align: center;\"><strong>.:: EDITORA UFPR ::.<br \/>\n<\/strong>Rua Jo\u00e3o Negr\u00e3o, 280 , 2\u00ba andar &#8211;\u00a0Centro &#8211;\u00a0Curitiba\/Paran\u00e1<br \/>\nCEP: 80010-200<br \/>\nTel.: (41) 3360 &#8211; 7487<br \/>\nFax: (41) 3360 &#8211; 7486<br \/>\nE-mail: editora@ufpr.br<\/p>\n<p style=\"text-align: center;\"><strong>.:: LIVRARIA UFPR REITORIA ::.<br \/>\n<\/strong>Rua Dr. Faivre, 405 &#8211;\u00a0Ed. D. Pedro II \u2013 Centro &#8211; Curitiba\/Paran\u00e1<br \/>\nCEP: 80060-140<br \/>\nTel.: (41) 3360-5214<\/p>\n<p style=\"text-align: center;\"><strong>ADMINISTRA\u00c7\u00c3O<br \/>\n<\/strong><em id=\"__mceDel\"><strong>Dire\u00e7\u00e3o<br \/>\n<\/strong><\/em><em>Prof. Dr. Rodrigo Tadeu Gon\u00e7alves<\/em><\/p>\n<p style=\"text-align: center;\"><em id=\"__mceDel\"><strong>Vice-Dire\u00e7\u00e3o<br \/>\n<\/strong><\/em><em>Prof. Dr. Hertz Wendel de Camargo<\/em><\/p>\n<p style=\"text-align: center;\"><strong>Secretaria<br \/>\n<\/strong>Ivanete Gon\u00e7alves Suzuki<\/p>\n<p style=\"text-align: center;\"><strong>Financeiro<\/strong><br \/>\nM\u00e1rcia Codato<br \/>\nLuciane Genoveva Brum<\/p>\n<p style=\"text-align: center;\"><strong>Comunica\u00e7\u00e3o e Marketing<\/strong><br \/>\nGiliardi Anderson de Souza<\/p>\n<p style=\"text-align: center;\"><strong>Distribui\u00e7\u00e3o e Comercializa\u00e7\u00e3o\u00a0<\/strong><br \/>\nEllen Dayane Koteski Huryn<\/p>\n<p style=\"text-align: center;\"><strong>Estoque<\/strong><br \/>\nEmerson Moreira de Andrade<\/p>\n<p style=\"text-align: center;\"><strong>Livraria<\/strong><br \/>\nAndrius Leopoldo<\/p>\n<p style=\"text-align: center;\"><strong>Coordena\u00e7\u00e3o Editorial<\/strong><br \/>\nRachel Cristina Pavim<\/p>\n<p style=\"text-align: center;\"><strong>Revis\u00e3o<\/strong><br \/>\nMaria Cristina Perigo<br \/>\nCamila Ces\u00e1rio Lerco<br \/>\nFrancisco Roberto Szezech Innoc\u00eancio<br \/>\nDaniele Carneiro<\/p>\n<p style=\"text-align: center;\"><strong>Programa\u00e7\u00e3o Visual<br \/>\n<\/strong>Reinaldo Weber<\/p>\n<p style=\"text-align: center;\">Hor\u00e1rio de Atendimento da Editora:<\/p>\n<p style=\"text-align: center;\"><a href=\"http:\/\/www.editora.ufpr.br\/portal\/wp-content\/uploads\/2015\/11\/horario.jpg\"><img fetchpriority=\"high\" decoding=\"async\" class=\"alignnone wp-image-5849 size-medium\" src=\"http:\/\/www.editora.ufpr.br\/portal\/wp-content\/uploads\/2015\/11\/horario-231x300.jpg\" alt=\"horario\" width=\"231\" height=\"300\" srcset=\"https:\/\/www.editora.ufpr.br\/portal\/wp-content\/uploads\/2015\/11\/horario-231x300.jpg 231w, https:\/\/www.editora.ufpr.br\/portal\/wp-content\/uploads\/2015\/11\/horario-250x325.jpg 250w, https:\/\/www.editora.ufpr.br\/portal\/wp-content\/uploads\/2015\/11\/horario.jpg 617w\" sizes=\"(max-width: 231px) 100vw, 231px\" \/><\/a><\/p>\n<p style=\"text-align: center;\">\n","protected":false},"excerpt":{"rendered":"<p>.:: EDITORA UFPR ::. Rua Jo\u00e3o Negr\u00e3o, 280 , 2\u00ba andar &#8211;\u00a0Centro &#8211;\u00a0Curitiba\/Paran\u00e1 CEP: 80010-200 Tel.: (41) 3360 &#8211; 7487 Fax: (41) 3360 &#8211; 7486 E-mail: editora@ufpr.br .:: LIVRARIA UFPR REITORIA ::. Rua Dr. Faivre, 405 &#8211;\u00a0Ed. D. Pedro II<a class=\"leia-mais\" href=\"https:\/\/www.editora.ufpr.br\/portal\/contato-2\/\"> [Leia Mais]<\/a><\/p>\n","protected":false},"author":1,"featured_media":0,"parent":0,"menu_order":0,"comment_status":"closed","ping_status":"closed","template":"","meta":{"_acf_changed":false,"footnotes":""},"folder":[],"acf":[],"class_list":["post-4705","page","type-page","status-publish","hentry"],"_links":{"self":[{"href":"https:\/\/www.editora.ufpr.br\/portal\/wp-json\/wp\/v2\/pages\/4705","targetHints":{"allow":["GET"]}}],"collection":[{"href":"https:\/\/www.editora.ufpr.br\/portal\/wp-json\/wp\/v2\/pages"}],"about":[{"href":"https:\/\/www.editora.ufpr.br\/portal\/wp-json\/wp\/v2\/types\/page"}],"author":[{"embeddable":true,"href":"https:\/\/www.editora.ufpr.br\/portal\/wp-json\/wp\/v2\/users\/1"}],"replies":[{"embeddable":true,"href":"https:\/\/www.editora.ufpr.br\/portal\/wp-json\/wp\/v2\/comments?post=4705"}],"version-history":[{"count":17,"href":"https:\/\/www.editora.ufpr.br\/portal\/wp-json\/wp\/v2\/pages\/4705\/revisions"}],"predecessor-version":[{"id":8786,"href":"https:\/\/www.editora.ufpr.br\/portal\/wp-json\/wp\/v2\/pages\/4705\/revisions\/8786"}],"wp:attachment":[{"href":"https:\/\/www.editora.ufpr.br\/portal\/wp-json\/wp\/v2\/media?parent=4705"}],"wp:term":[{"taxonomy":"folder","embeddable":true,"href":"https:\/\/www.editora.ufpr.br\/portal\/wp-json\/wp\/v2\/folder?post=4705"}],"curies":[{"name":"wp","href":"https:\/\/api.w.org\/{rel}","templated":true}]}}